se 10
1874
Convert 422344 (base 5) to base 16.
3713
Convert -3033 (base 13) to base 9.
-10080
What is 6139 (base 16) in base 13?
b437
1233 (base 6) to base 10
309
What is 737 (base 16) in base 13?
ac1
What is 1100011100 (base 2) in base 13?
493
24101 (base 5) to base 11
1375
Convert -111011100010000 (base 2) to base 8.
-73420
-1002000 (base 3) to base 8
-1417
-40508 (base 10) to base 15
-c008
Convert -100011101101101 (base 2) to base 16.
-476d
-2303 (base 4) to base 13
-10a
-1011001100011101 (base 2) to base 9
-68807
-265 (base 16) to base 5
-4423
Convert 9ed (base 16) to base 15.
b46
-5e4 (base 15) to base 9
-1747
-1065 (base 7) to base 4
-12012
-2201101012 (base 3) to base 7
-311645
Convert -c53 (base 13) to base 2.
-100000110000
Convert 1041202 (base 5) to base 15.
5652
Convert 223 (base 14) to base 11.
355
10288 (base 9) to base 4
1222103
120052 (base 6) to base 14
3b0c
515 (base 7) to base 6
1105
Convert 2859 (base 14) to base 12.
4167
22344 (base 5) to base 3
2012020
Convert 1186 (base 14) to base 4.
233302
What is -1110210 (base 3) in base 10?
-1074
Convert 1102122 (base 3) to base 10.
1043
-21074 (base 8) to base 16
-223c
What is 62361 (base 8) in base 4?
12103301
What is -3cb4 (base 15) in base 10?
-12994
What is 8dc (base 14) in base 12?
102a
Convert 1110110010111 (base 2) to base 16.
1d97
Convert 144333 (base 5) to base 3.
22112022
What is 317 (base 11) in base 2?
101111101
-7273 (base 8) to base 16
-ebb
What is -312 (base 5) in base 4?
-1102
Convert 341 (base 7) to base 5.
1201
What is 1d29 (base 14) in base 8?
12321
Convert -2545 (base 7) to base 8.
-1704
10200 (base 9) to base 2
1101001000011
What is -61f (base 16) in base 12?
-aa7
-a8 (base 11) to base 14
-86
-740 (base 8) to base 12
-340
What is 97a9 (base 15) in base 5?
2011414
-7 (base 13) to base 3
-21
510302 (base 6) to base 8
116536
100001111001 (base 2) to base 3
2222100
211011 (base 3) to base 7
1513
Convert -4f55 (base 16) to base 2.
-100111101010101
What is -31023 (base 4) in base 5?
-11333
What is -12201 (base 5) in base 3?
-1021022
1000100101110001 (base 2) to base 12
18441
Convert 38536 (base 11) to base 4.
31132233
242202 (base 5) to base 7
35251
Convert 156b (base 13) to base 4.
300323
-3103 (base 9) to base 4
-203133
What is -14352 (base 6) in base 9?
-3135
What is 1568 (base 15) in base 8?
10766
Convert 24a23 (base 13) to base 4.
100200231
Convert 41663 (base 7) to base 3.
112002222
Convert 7958 (base 13) to base 3.
212021122
1100010000 (base 2) to base 14
400
-1184 (base 11) to base 14
-7c4
Convert -31ab (base 15) to base 16.
-290f
2001322 (base 4) to base 11
6279
What is ddd (base 14) in base 15?
c2d
Convert -21220211 (base 4) to base 14.
-10549
-78 (base 13) to base 2
-1100011
Convert -892 (base 11) to base 13.
-643
What is 14776 (base 8) in base 12?
3a26
Convert -53201 (base 6) to base 4.
-1300201
-132241 (base 5) to base 11
-3aa8
Convert 67281 (base 10) to base 15.
14e06
Convert a812 (base 12) to base 9.
27265
What is 100000100110000 (base 2) in base 4?
10010300
What is -620 (base 7) in base 6?
-1232
What is 11a8 (base 11) in base 10?
1570
Convert -2221210202 (base 3) to base 14.
-172b8
What is -10521 (base 6) in base 2?
-10111010001
Convert -1002102 (base 3) to base 5.
-11134
Convert 813 (base 11) to base 12.
69a
What is -311 (base 16) in base 8?
-1421
-110011001111010 (base 2) to base 13
-bc30
-1241441 (base 5) to base 15
-7466
Convert -33115 (base 6) to base 5.
-121313
10110011100111 (base 2) to base 14
4291
What is 2b15 (base 14) in base 7?
31225
Convert 1330 (base 5) to base 14.
115
What is 431 (base 8) in base 13?
188
Convert -40343 (base 5) to base 11.
-1a52
Convert 133a (base 11) to base 9.
2340
What is -2012 (base 4) in base 7?
-251
Convert -b340 (base 12) to base 4.
-10300200
15765 (base 9) to base 3
112212012
Convert -100210221 (base 3) to base 6.
-53041
61124 (base 8) to base 16
6254
What is 21333 (base 5) in base 4?
112330
-2747 (base 8) to base 12
-a5b
What is -163133 (base 8) in base 7?
-333633
11301 (base 5) to base 10
826
Convert -7515 (base 14) to base 12.
-b83b
Convert -28a0 (base 14) to base 5.
-212241
Convert 210 (base 11) to base 15.
11d
Convert -659 (base 10) to base 8.
-1223
Convert -31102 (base 5) to base 12.
-120b
What is 3201 (base 7) in base 3?
1112210
What is -1088 (base 15) in base 3?
-11210202
Convert -7b38 (base 12) to base 15.
-40ee
What is -4032 (base 5) in base 4?
-20011
Convert -14264 (base 8) to base 16.
-18b4
53855 (base 10) to base 8
151137
472b (base 14) to base 16
3063
What is 3130023 (base 4) in base 3?
201022220
20da (base 15) to base 9
10477
What is 2415 (base 9) in base 14?
924
What is d6ba (base 14) in base 16?
9094
Convert -215 (base 9) to base 11.
-150
What is -471 (base 11) in base 2?
-1000110010
What is 1221102000 (base 3) in base 13?
1450b
1288 (base 12) to base 3
2220112
Convert 986 (base 10) to base 12.
6a2
35703 (base 10) to base 12
187b3
Convert -15553 (base 7) to base 2.
-1000100101111
What is 12478 (base 15) in base 2?
1110010000010100
What is -1012021 (base 3) in base 6?
-4011
What is -15b8 (base 12) in base 3?
-10112212
Convert 1344 (base 5) to base 16.
e0
282 (base 13) to base 5
3234
What is 111111001 (base 2) in base 12?
361
What is -210 (base 4) in base 7?
-51
Convert 15a (base 13) to base 2.
11110100
3088 (base 15) to base 13
4889
-110 (base 10) to base 16
-6e
-1109 (base 12) to base 3
-2120200
What is 16052 (base 7) in base 2?
1000110010000
What is -1333 (base 6) in base 14?
-1a9
2749 (base 13) to base 16
1606
What is 211000201 (base 3) in base 14?
5bcd
-423410 (base 5) to base 8
-33626
Convert 2c6 (base 13) to base 3.
200112
What is 10011010011 (base 2) in base 13?
740
Convert 20126 (base 9) to base 4.
3032223
What is -4256 (base 7) in base 4?
-113213
-111010011001 (base 2) to base 10
-3737
Convert 10534 (base 6) to base 15.
69d
What is -11101010 (base 2) in base 14?
-12a
Convert 433121 (base 5) to base 8.
34702
What is -42561 (base 8) in base 11?
-123a1
16724 (base 12) to base 9
48071
What is -af (base 16) in base 10?
-175
What is -340 (base 9) in base 11?
-234
What is -2122 (base 11) in base 14?
-1047
Convert -a57 (base 13) to base 6.
-12054
Convert -a8 (base 13) to base 4.
-2022
Convert 1791 (base 15) to base 5.
130321
-77 (base 14) to base 8
-151
Convert -257 (base 13) to base 11.
-343
What is -134301 (base 5) in base 3?
-21122112
555 (base 7) to base 12
1b9
4153 (base 7) to base 15
674
Convert 771 (base 13) to base 12.
8a3
11059 (base 12) to base 2
101100000000101
739b (base 15) to base 9
36472
-6333 (base 7) to base 12
-1359
Convert 618 (base 15) to base 7.
4001
What is -105401 (base 6) in base 12?
-5261
Convert 21022 (base 5) to base 6.
10231
Convert -568a (base 11) to base 16.
-1d37
-1148 (base 10) to base 2
-10001111100
-50 (base 12) to base 8
-74
Convert 1102002 (base 3) to base 10.
1028
Convert -8051 (base 13) to base 3.
-220012102
3242 (base 6) to base 11
619
9197 (base 10) to base 6
110325
Convert 24441 (base 6) to base 5.
104000
What is -2490 (base 10) in base 9?
-3366
What is 452041 (base 6) in base 5?
2204131
What is -4202 (base 7) in base 11?
-1119
-120112 (base 3) to base 5
-3134
What is -2190 (base 15) in base 2?
-1101111000110
What is -2492 (base 12) in base 4?
-1000232
Convert 12342 (base 8) to base 15.
18b6
-33a9 (base 13) to base 4
-1301011
Convert 40a4 (base 13) to base 4.
2023122
-3236 (base 11) to base 6
-31442
-101ed (base 15) to base 9
-77047
What is 10022021 (base 3) in base 15?
aaa
Convert 4154 (base 6) to base 9.
1247
What is 1aa9 (base 16) in base 5?
204300
What is 43004 (base 6) in base 5?
141321
660 (base 9) to base 12
390
200021 (base 3) to base 16
1ed
Convert -1c7c (base 15) to base 12.
-3700
What is 453 (base 16) in base 6?
5043
Convert 11310 (base 7) to base 10.
2898
What is -2654 (base 9) in base 7?
-5545
What is -41 (base 5) in base 10?
-21
What is 257 (base 12) in base 10?
355
cb (base 15) to base 7
362
What is -18137 (base 11) in base 13?
-b779
What is 18e0 (base 15) in base 11?
4056
11302232 (base 4) to base 7
126113
What is -c6c (base 16) in base 12?
-1a10
Convert 5e3 (base 16) to base 11.
1150
Convert 33c (base 14) to base 4.
22002
Convert 359 (base 11) to base 8.
653
What is 20200220 (base 3) in base 15?
16a9
Convert -10212 (base 3) to base 5.